{"id":354,"date":"2021-06-21T17:34:54","date_gmt":"2021-06-21T15:34:54","guid":{"rendered":"https:\/\/loranger-paris.com\/?page_id=354"},"modified":"2022-09-11T18:47:25","modified_gmt":"2022-09-11T16:47:25","slug":"mentions-legales","status":"publish","type":"page","link":"https:\/\/loranger-paris.com\/index.php\/mentions-legales\/","title":{"rendered":"Mentions L\u00e9gales"},"content":{"rendered":"\t\t<div data-elementor-type=\"wp-page\" data-elementor-id=\"354\" class=\"elementor elementor-354\" data-elementor-post-type=\"page\">\n\t\t\t\t\t\t<section class=\"elementor-section elementor-top-section elementor-element elementor-element-1d9f1e4 elementor-section-boxed elementor-section-height-default elementor-section-height-default\" data-id=\"1d9f1e4\" data-element_type=\"section\">\n\t\t\t\t\t\t<div class=\"elementor-container elementor-column-gap-default\">\n\t\t\t\t\t<div class=\"elementor-column elementor-col-100 elementor-top-column elementor-element elementor-element-a23b8a4\" data-id=\"a23b8a4\" data-element_type=\"column\">\n\t\t\t<div class=\"elementor-widget-wrap elementor-element-populated\">\n\t\t\t\t\t\t<div class=\"elementor-element elementor-element-22be843 elementor-view-default elementor-widget elementor-widget-icon\" data-id=\"22be843\" data-element_type=\"widget\" data-widget_type=\"icon.default\">\n\t\t\t\t<div class=\"elementor-widget-container\">\n\t\t\t\t\t\t\t<div class=\"elementor-icon-wrapper\">\n\t\t\t<div class=\"elementor-icon\">\n\t\t\t<i aria-hidden=\"true\" class=\"fas fa-file-alt\"><\/i>\t\t\t<\/div>\n\t\t<\/div>\n\t\t\t\t\t\t<\/div>\n\t\t\t\t<\/div>\n\t\t\t\t<div class=\"elementor-element elementor-element-b37b235 elementor-widget elementor-widget-heading\" data-id=\"b37b235\" data-element_type=\"widget\" data-widget_type=\"heading.default\">\n\t\t\t\t<div class=\"elementor-widget-container\">\n\t\t\t\t\t<h2 class=\"elementor-heading-title elementor-size-default\">Mentions l\u00e9gales<\/h2>\t\t\t\t<\/div>\n\t\t\t\t<\/div>\n\t\t\t\t<div class=\"elementor-element elementor-element-d004642 elementor-widget elementor-widget-text-editor\" data-id=\"d004642\" data-element_type=\"widget\" data-widget_type=\"text-editor.default\">\n\t\t\t\t<div class=\"elementor-widget-container\">\n\t\t\t\t\t\t\t\t\t<div data-id=\"be2a204\" data-element_type=\"widget\" data-widget_type=\"text-editor.default\"><div><div><div data-id=\"7205d9b\" data-element_type=\"widget\" data-widget_type=\"heading.default\"><div><h2>1 \u2013 \u00c9diteur<\/h2><\/div><\/div><div data-id=\"be2a204\" data-element_type=\"widget\" data-widget_type=\"text-editor.default\"><div><div><p>Le pr\u00e9sent site web, accessible \u00e0 l\u2019adresse www.loranger-paris.com est r\u00e9alis\u00e9 par la Soci\u00e9t\u00e9 PROCESS DEVELOPPEMENTS, inscrite au registre du commerce de Alen\u00e7on sous le num\u00e9ro 813 765 864, ayant dont le si\u00e8ge social est situ\u00e9 Les Champs Parts \u2013 61110 BRETONCELLES.<\/p><p>La soci\u00e9t\u00e9 PROCESS DEVELOPPEMENTS est une soci\u00e9t\u00e9 sp\u00e9cialis\u00e9e dans les nouvelles technologies logicielles et digitales.<\/p><p>Le directeur de la publication du Site Web est la soci\u00e9t\u00e9 L&rsquo;ORANGER\u00a0.<\/p><\/div><\/div><\/div><div data-id=\"7619ad7\" data-element_type=\"widget\" data-widget_type=\"heading.default\"><div><h2>2 \u2013 Contenu du Site<\/h2><\/div><\/div><div data-id=\"5587db3\" data-element_type=\"widget\" data-widget_type=\"text-editor.default\"><div><div><p>Le contenu du site la structure g\u00e9n\u00e9rale, les textes, les images, anim\u00e9es ou non, et les sons dont le site est compos\u00e9 sont la propri\u00e9t\u00e9 exclusive de la soci\u00e9t\u00e9 L&rsquo;ORANGER . Toute repr\u00e9sentation totale ou partielle de ce Site et de son Contenu, par quelques proc\u00e9d\u00e9s que ce soient, sans l\u2019autorisation pr\u00e9alable expresse de la soci\u00e9t\u00e9 L&rsquo;ORANGER\u00a0est interdite et constituerait une contrefa\u00e7on sanctionn\u00e9e par les articles L.335-2 et suivants du Code de la Propri\u00e9t\u00e9 intellectuelle.<\/p><p>Le site accessible \u00e0 l\u2019adresse www.loranger-paris.com est h\u00e9berg\u00e9 par la soci\u00e9t\u00e9 OVH, SAS au capital de 500 k\u20ac RCS Roubaix \u2013 Tourcoing 424 761 419 00011 \u2013Si\u00e8ge social : 140 Quai du Sartel \u2013 59100 Roubaix \u2013 France, accessible \u00e0 http:\/\/www.ovh.com.<\/p><\/div><\/div><\/div><div data-id=\"af12391\" data-element_type=\"widget\" data-widget_type=\"heading.default\"><div><h2>3 \u2013 Licence d\u2019utilisation du Contenu du Site<\/h2><\/div><\/div><div data-id=\"e314643\" data-element_type=\"widget\" data-widget_type=\"text-editor.default\"><div><div><p>Du seul fait de sa connexion au site, l\u2019utilisateur reconna\u00eet accepter de la soci\u00e9t\u00e9 L&rsquo;ORANGER\u00a0, une licence d\u2019usage du Contenu du Site strictement limit\u00e9e aux conditions imp\u00e9ratives suivantes :<\/p><p>La pr\u00e9sente licence est accord\u00e9e \u00e0 titre non exclusif et n\u2019est pas transmissible.<\/p><p>Le droit d\u2019usage conf\u00e9r\u00e9 \u00e0 l\u2019utilisateur\/internaute est personnel et priv\u00e9 : c\u2019est-\u00e0-dire que toute reproduction du contenu du site sur un quelconque support pour un usage collectif ou professionnel, m\u00eame en interne dans l\u2019entreprise, est prohib\u00e9e. Il en est de m\u00eame pour toute communication de ce contenu par voie \u00e9lectronique, m\u00eame diffus\u00e9 en intranet ou en extranet d\u2019entreprise.<\/p><p>Le droit d\u2019usage comprend seulement l\u2019autorisation de consulter le site et son contenu.<\/p><p>Cet usage comprend seulement l\u2019autorisation de reproduire pour stockage aux fins de repr\u00e9sentation sur \u00e9cran monoposte et de reproduction en un exemplaire, pour copie de sauvegarde et tirage papier. Tout autre usage est soumis \u00e0 l\u2019autorisation expresse pr\u00e9alable de la soci\u00e9t\u00e9 L&rsquo;ORANGER\u00a0. La violation de ces dispositions soumet le contrevenant et toutes personnes responsables aux peines p\u00e9nales et civiles pr\u00e9vues par la loi fran\u00e7aise.<\/p><\/div><\/div><\/div><div data-id=\"45a7961\" data-element_type=\"widget\" data-widget_type=\"heading.default\"><div><h2>4 \u2013 Loi informatique, fichiers et libert\u00e9s<\/h2><\/div><\/div><div data-id=\"55b89fe\" data-element_type=\"widget\" data-widget_type=\"text-editor.default\"><div><div><p>La soci\u00e9t\u00e9 L&rsquo;ORANGER\u00a0 est le responsable du traitement des donn\u00e9es collect\u00e9es sur son site via : www.loranger-paris.com<\/p><p>L\u2019utilisateur est notamment inform\u00e9 que conform\u00e9ment \u00e0 l\u2019article 32 de la loi Informatique et libert\u00e9s du 6 janvier 1978 modifi\u00e9e, les informations qu\u2019il communique par les formulaires pr\u00e9sents sur le site du L&rsquo;ORANGER\u00a0 sont n\u00e9cessaires pour r\u00e9pondre \u00e0 sa demande et sont destin\u00e9es aux services en charge de r\u00e9pondre \u00e0 sa demande \u00e0 des fins de suivi de cette demande.<\/p><p>Conform\u00e9ment aux dispositions des articles 39 et 40 de la loi \u00ab Informatique et Libert\u00e9s \u00bb du 6 janvier 1978 modifi\u00e9e en 2004, l\u2019utilisateur b\u00e9n\u00e9ficie d\u2019un droit d\u2019acc\u00e8s, de rectification, de mise \u00e0 jour et d\u2019effacement des informations qui le concernent, qu\u2019il peut exercer en s\u2019adressant \u00e0 l\u2019adresse mail info@loranger-paris.com ou par courrier \u00e0 l\u2019adresse de la soci\u00e9t\u00e9 : L&rsquo;ORANGER 176 rue de Vaugirard 75015 Paris, service \u00ab Droit des personnes \u00bb et en joignant la copie de son justificatif d\u2019identit\u00e9.<\/p><p>Conform\u00e9ment aux dispositions de l\u2019article 38 de la loi \u00ab Informatique et Libert\u00e9s \u00bb du 6 janvier 1978 modifi\u00e9e en 2004, l\u2019utilisateur peut \u00e9galement s\u2019opposer, pour des motifs l\u00e9gitimes \u00e0 ce que ses donn\u00e9es fassent l\u2019objet d\u2019un traitement et sans motif et sans frais, \u00e0 ce que ses donn\u00e9es soient utilis\u00e9es \u00e0 des fins de prospection commerciale.<\/p><p>L\u2019utilisateur est inform\u00e9 que lors de ses visites sur le site www.loranger-paris.com, un cookie peut s\u2019installer automatiquement sur son logiciel de navigation.<\/p><p>Le cookie est un bloc de donn\u00e9es qui ne permet pas d\u2019identifier les utilisateurs mais sert \u00e0 enregistrer des informations relatives \u00e0 la navigation de celui-ci sur le site. Le param\u00e9trage du logiciel de navigation permet d\u2019informer de la pr\u00e9sence de cookie et \u00e9ventuellement, de la refuser de la mani\u00e8re d\u00e9crite \u00e0 l\u2019adresse suivante www.cnil.fr.<\/p><p>L\u2019utilisateur dispose d\u2019un droit d\u2019acc\u00e8s, de retrait et de modification des donn\u00e9es \u00e0 caract\u00e8re personnel communiqu\u00e9es par le biais des cookies dans les conditions indiqu\u00e9es ci-dessus.<\/p><p>L\u2019utilisateur du site loranger-paris est tenu de respecter les dispositions de la loi Informatique et libert\u00e9s du 6 janvier 1978 modifi\u00e9e dont la violation est passible de sanctions p\u00e9nales. Il doit notamment s\u2019abstenir, s\u2019agissant des informations nominatives auxquelles il acc\u00e8de, de toute collecte, de toute utilisation d\u00e9tourn\u00e9e, et d\u2019une mani\u00e8re g\u00e9n\u00e9rale, de tout acte susceptible de porter atteinte \u00e0 la vie priv\u00e9e ou \u00e0 la r\u00e9putation des personnes.<\/p><\/div><\/div><\/div><div data-id=\"28eaba7\" data-element_type=\"widget\" data-widget_type=\"heading.default\"><div><h2>5 \u2013 Liens Hypertextes<\/h2><\/div><\/div><div data-id=\"5131c45\" data-element_type=\"widget\" data-widget_type=\"text-editor.default\"><div><div><p>Les liens hypertextes mis en place dans le cadre du pr\u00e9sent site en direction d\u2019autres ressources pr\u00e9sentes sur le r\u00e9seau Internet, ne sauraient engager la responsabilit\u00e9 de la soci\u00e9t\u00e9 L&rsquo;ORANGER . Les utilisateurs\/internautes du site ne peuvent mettre en place un lien hypertexte en direction de ce site sans l\u2019autorisation expresse et pr\u00e9alable de la soci\u00e9t\u00e9 L&rsquo;ORANGER\u00a0<\/p><\/div><\/div><\/div><div data-id=\"21936bf\" data-element_type=\"widget\" data-widget_type=\"heading.default\"><div><h2>6 \u2013 Autorisation de reproduction de contenus et de mise en place d\u2019hyperliens<\/h2><\/div><\/div><div data-id=\"54b5580\" data-element_type=\"widget\" data-widget_type=\"text-editor.default\"><div><div><p>Pour toute information et demande de reproduction d\u2019un contenu paru sur le site<br \/>www.loranger-paris.com (textes, graphiques, illustrations) quel qu\u2019en soit le support, comme pour toute autorisation de mise en place d\u2019un hyperlien, l\u2019utilisateur est invit\u00e9 \u00e0 adresser sa demande e-mail \u00e0 info@loranger-paris.com<\/p><\/div><\/div><\/div><div data-id=\"d384c14\" data-element_type=\"widget\" data-widget_type=\"heading.default\"><div><h2>8 \u2013 Respect de la vie priv\u00e9e<\/h2><\/div><\/div><div data-id=\"ed7d1ad\" data-element_type=\"widget\" data-widget_type=\"text-editor.default\"><div><div><p>La soci\u00e9t\u00e9 L&rsquo;ORANGER\u00a0 respecte votre vie priv\u00e9e et s\u2019engage \u00e0 la prot\u00e9ger. La pr\u00e9sente d\u00e9claration est destin\u00e9e \u00e0 vous informer de notre politique et de nos pratiques en mati\u00e8re de respect de la vie priv\u00e9e, ainsi que des choix que vous pouvez op\u00e9rer sur la mani\u00e8re dont vos coordonn\u00e9es sont recueillies en ligne et comment elles sont utilis\u00e9es. Le site web et notre activit\u00e9 professionnelle sont r\u00e9gis par le Droit fran\u00e7ais. En cas de litige r\u00e9sultant de votre utilisation de nos sites web, seuls les Tribunaux fran\u00e7ais sont comp\u00e9tents.<\/p><\/div><\/div><\/div><\/div><\/div><\/div>\t\t\t\t\t\t\t\t<\/div>\n\t\t\t\t<\/div>\n\t\t\t\t\t<\/div>\n\t\t<\/div>\n\t\t\t\t\t<\/div>\n\t\t<\/section>\n\t\t\t\t<\/div>\n\t\t","protected":false},"excerpt":{"rendered":"<p>Mentions l\u00e9gales 1 \u2013 \u00c9diteur Le pr\u00e9sent site web, accessible \u00e0 l\u2019adresse www.loranger-paris.com est r\u00e9alis\u00e9 par la Soci\u00e9t\u00e9 PROCESS DEVELOPPEMENTS, inscrite au registre du commerce de Alen\u00e7on sous le num\u00e9ro 813 765 864, ayant dont le si\u00e8ge social est situ\u00e9 Les Champs Parts \u2013 61110 BRETONCELLES. La soci\u00e9t\u00e9 PROCESS DEVELOPPEMENTS est une soci\u00e9t\u00e9 sp\u00e9cialis\u00e9e dans [&hellip;]<\/p>\n","protected":false},"author":2,"featured_media":0,"parent":0,"menu_order":0,"comment_status":"closed","ping_status":"closed","template":"","meta":{"footnotes":""},"class_list":["post-354","page","type-page","status-publish","hentry","entry"],"yoast_head":"<!-- This site is optimized with the Yoast SEO plugin v27.3 - https:\/\/yoast.com\/product\/yoast-seo-wordpress\/ -->\n<title>Mentions L\u00e9gales - L&#039;Oranger - Paris<\/title>\n<meta name=\"robots\" content=\"index, follow, max-snippet:-1, max-image-preview:large, max-video-preview:-1\" \/>\n<link rel=\"canonical\" href=\"https:\/\/loranger-paris.com\/index.php\/mentions-legales\/\" \/>\n<meta property=\"og:locale\" content=\"fr_FR\" \/>\n<meta property=\"og:type\" content=\"article\" \/>\n<meta property=\"og:title\" content=\"Mentions L\u00e9gales - L&#039;Oranger - Paris\" \/>\n<meta property=\"og:description\" content=\"Mentions l\u00e9gales 1 \u2013 \u00c9diteur Le pr\u00e9sent site web, accessible \u00e0 l\u2019adresse www.loranger-paris.com est r\u00e9alis\u00e9 par la Soci\u00e9t\u00e9 PROCESS DEVELOPPEMENTS, inscrite au registre du commerce de Alen\u00e7on sous le num\u00e9ro 813 765 864, ayant dont le si\u00e8ge social est situ\u00e9 Les Champs Parts \u2013 61110 BRETONCELLES. La soci\u00e9t\u00e9 PROCESS DEVELOPPEMENTS est une soci\u00e9t\u00e9 sp\u00e9cialis\u00e9e dans [&hellip;]\" \/>\n<meta property=\"og:url\" content=\"https:\/\/loranger-paris.com\/index.php\/mentions-legales\/\" \/>\n<meta property=\"og:site_name\" content=\"L&#039;Oranger - Paris\" \/>\n<meta property=\"article:modified_time\" content=\"2022-09-11T16:47:25+00:00\" \/>\n<meta name=\"twitter:card\" content=\"summary_large_image\" \/>\n<meta name=\"twitter:label1\" content=\"Dur\u00e9e de lecture estim\u00e9e\" \/>\n\t<meta name=\"twitter:data1\" content=\"5 minutes\" \/>\n<script type=\"application\/ld+json\" class=\"yoast-schema-graph\">{\"@context\":\"https:\\\/\\\/schema.org\",\"@graph\":[{\"@type\":\"WebPage\",\"@id\":\"https:\\\/\\\/loranger-paris.com\\\/index.php\\\/mentions-legales\\\/\",\"url\":\"https:\\\/\\\/loranger-paris.com\\\/index.php\\\/mentions-legales\\\/\",\"name\":\"Mentions L\u00e9gales - L&#039;Oranger - Paris\",\"isPartOf\":{\"@id\":\"https:\\\/\\\/loranger-paris.com\\\/#website\"},\"datePublished\":\"2021-06-21T15:34:54+00:00\",\"dateModified\":\"2022-09-11T16:47:25+00:00\",\"breadcrumb\":{\"@id\":\"https:\\\/\\\/loranger-paris.com\\\/index.php\\\/mentions-legales\\\/#breadcrumb\"},\"inLanguage\":\"fr-FR\",\"potentialAction\":[{\"@type\":\"ReadAction\",\"target\":[\"https:\\\/\\\/loranger-paris.com\\\/index.php\\\/mentions-legales\\\/\"]}]},{\"@type\":\"BreadcrumbList\",\"@id\":\"https:\\\/\\\/loranger-paris.com\\\/index.php\\\/mentions-legales\\\/#breadcrumb\",\"itemListElement\":[{\"@type\":\"ListItem\",\"position\":1,\"name\":\"Accueil\",\"item\":\"https:\\\/\\\/loranger-paris.com\\\/\"},{\"@type\":\"ListItem\",\"position\":2,\"name\":\"Mentions L\u00e9gales\"}]},{\"@type\":\"WebSite\",\"@id\":\"https:\\\/\\\/loranger-paris.com\\\/#website\",\"url\":\"https:\\\/\\\/loranger-paris.com\\\/\",\"name\":\"L&#039;Oranger - Paris\",\"description\":\"Le bon go\u00fbt \u00e0 votre table\",\"publisher\":{\"@id\":\"https:\\\/\\\/loranger-paris.com\\\/#organization\"},\"potentialAction\":[{\"@type\":\"SearchAction\",\"target\":{\"@type\":\"EntryPoint\",\"urlTemplate\":\"https:\\\/\\\/loranger-paris.com\\\/?s={search_term_string}\"},\"query-input\":{\"@type\":\"PropertyValueSpecification\",\"valueRequired\":true,\"valueName\":\"search_term_string\"}}],\"inLanguage\":\"fr-FR\"},{\"@type\":\"Organization\",\"@id\":\"https:\\\/\\\/loranger-paris.com\\\/#organization\",\"name\":\"L&#039;Oranger - Paris\",\"url\":\"https:\\\/\\\/loranger-paris.com\\\/\",\"logo\":{\"@type\":\"ImageObject\",\"inLanguage\":\"fr-FR\",\"@id\":\"https:\\\/\\\/loranger-paris.com\\\/#\\\/schema\\\/logo\\\/image\\\/\",\"url\":\"https:\\\/\\\/loranger-paris.com\\\/wp-content\\\/uploads\\\/2020\\\/12\\\/logo_smal.png\",\"contentUrl\":\"https:\\\/\\\/loranger-paris.com\\\/wp-content\\\/uploads\\\/2020\\\/12\\\/logo_smal.png\",\"width\":372,\"height\":161,\"caption\":\"L&#039;Oranger - Paris\"},\"image\":{\"@id\":\"https:\\\/\\\/loranger-paris.com\\\/#\\\/schema\\\/logo\\\/image\\\/\"}}]}<\/script>\n<!-- \/ Yoast SEO plugin. -->","yoast_head_json":{"title":"Mentions L\u00e9gales - L&#039;Oranger - Paris","robots":{"index":"index","follow":"follow","max-snippet":"max-snippet:-1","max-image-preview":"max-image-preview:large","max-video-preview":"max-video-preview:-1"},"canonical":"https:\/\/loranger-paris.com\/index.php\/mentions-legales\/","og_locale":"fr_FR","og_type":"article","og_title":"Mentions L\u00e9gales - L&#039;Oranger - Paris","og_description":"Mentions l\u00e9gales 1 \u2013 \u00c9diteur Le pr\u00e9sent site web, accessible \u00e0 l\u2019adresse www.loranger-paris.com est r\u00e9alis\u00e9 par la Soci\u00e9t\u00e9 PROCESS DEVELOPPEMENTS, inscrite au registre du commerce de Alen\u00e7on sous le num\u00e9ro 813 765 864, ayant dont le si\u00e8ge social est situ\u00e9 Les Champs Parts \u2013 61110 BRETONCELLES. La soci\u00e9t\u00e9 PROCESS DEVELOPPEMENTS est une soci\u00e9t\u00e9 sp\u00e9cialis\u00e9e dans [&hellip;]","og_url":"https:\/\/loranger-paris.com\/index.php\/mentions-legales\/","og_site_name":"L&#039;Oranger - Paris","article_modified_time":"2022-09-11T16:47:25+00:00","twitter_card":"summary_large_image","twitter_misc":{"Dur\u00e9e de lecture estim\u00e9e":"5 minutes"},"schema":{"@context":"https:\/\/schema.org","@graph":[{"@type":"WebPage","@id":"https:\/\/loranger-paris.com\/index.php\/mentions-legales\/","url":"https:\/\/loranger-paris.com\/index.php\/mentions-legales\/","name":"Mentions L\u00e9gales - L&#039;Oranger - Paris","isPartOf":{"@id":"https:\/\/loranger-paris.com\/#website"},"datePublished":"2021-06-21T15:34:54+00:00","dateModified":"2022-09-11T16:47:25+00:00","breadcrumb":{"@id":"https:\/\/loranger-paris.com\/index.php\/mentions-legales\/#breadcrumb"},"inLanguage":"fr-FR","potentialAction":[{"@type":"ReadAction","target":["https:\/\/loranger-paris.com\/index.php\/mentions-legales\/"]}]},{"@type":"BreadcrumbList","@id":"https:\/\/loranger-paris.com\/index.php\/mentions-legales\/#breadcrumb","itemListElement":[{"@type":"ListItem","position":1,"name":"Accueil","item":"https:\/\/loranger-paris.com\/"},{"@type":"ListItem","position":2,"name":"Mentions L\u00e9gales"}]},{"@type":"WebSite","@id":"https:\/\/loranger-paris.com\/#website","url":"https:\/\/loranger-paris.com\/","name":"L&#039;Oranger - Paris","description":"Le bon go\u00fbt \u00e0 votre table","publisher":{"@id":"https:\/\/loranger-paris.com\/#organization"},"potentialAction":[{"@type":"SearchAction","target":{"@type":"EntryPoint","urlTemplate":"https:\/\/loranger-paris.com\/?s={search_term_string}"},"query-input":{"@type":"PropertyValueSpecification","valueRequired":true,"valueName":"search_term_string"}}],"inLanguage":"fr-FR"},{"@type":"Organization","@id":"https:\/\/loranger-paris.com\/#organization","name":"L&#039;Oranger - Paris","url":"https:\/\/loranger-paris.com\/","logo":{"@type":"ImageObject","inLanguage":"fr-FR","@id":"https:\/\/loranger-paris.com\/#\/schema\/logo\/image\/","url":"https:\/\/loranger-paris.com\/wp-content\/uploads\/2020\/12\/logo_smal.png","contentUrl":"https:\/\/loranger-paris.com\/wp-content\/uploads\/2020\/12\/logo_smal.png","width":372,"height":161,"caption":"L&#039;Oranger - Paris"},"image":{"@id":"https:\/\/loranger-paris.com\/#\/schema\/logo\/image\/"}}]}},"_links":{"self":[{"href":"https:\/\/loranger-paris.com\/index.php\/wp-json\/wp\/v2\/pages\/354","targetHints":{"allow":["GET"]}}],"collection":[{"href":"https:\/\/loranger-paris.com\/index.php\/wp-json\/wp\/v2\/pages"}],"about":[{"href":"https:\/\/loranger-paris.com\/index.php\/wp-json\/wp\/v2\/types\/page"}],"author":[{"embeddable":true,"href":"https:\/\/loranger-paris.com\/index.php\/wp-json\/wp\/v2\/users\/2"}],"replies":[{"embeddable":true,"href":"https:\/\/loranger-paris.com\/index.php\/wp-json\/wp\/v2\/comments?post=354"}],"version-history":[{"count":19,"href":"https:\/\/loranger-paris.com\/index.php\/wp-json\/wp\/v2\/pages\/354\/revisions"}],"predecessor-version":[{"id":629,"href":"https:\/\/loranger-paris.com\/index.php\/wp-json\/wp\/v2\/pages\/354\/revisions\/629"}],"wp:attachment":[{"href":"https:\/\/loranger-paris.com\/index.php\/wp-json\/wp\/v2\/media?parent=354"}],"curies":[{"name":"wp","href":"https:\/\/api.w.org\/{rel}","templated":true}]}}